{"id":720,"date":"2022-09-12T20:17:03","date_gmt":"2022-09-12T18:17:03","guid":{"rendered":"https:\/\/www.voyageur.fr\/page\/?page_id=720"},"modified":"2025-01-14T16:01:20","modified_gmt":"2025-01-14T15:01:20","slug":"mentions-legales","status":"publish","type":"page","link":"https:\/\/www.voyageur.fr\/page\/mentions-legales\/","title":{"rendered":"Mentions l\u00e9gales"},"content":{"rendered":"<p>[et_pb_section fb_built=\u00a0\u00bb1&Prime; custom_padding_last_edited=\u00a0\u00bbon|phone\u00a0\u00bb admin_label=\u00a0\u00bbHeader\u00a0\u00bb _builder_version=\u00a0\u00bb4.18.0&Prime; background_color=\u00a0\u00bb#FFFFFF\u00a0\u00bb use_background_color_gradient=\u00a0\u00bbon\u00a0\u00bb background_color_gradient_direction=\u00a0\u00bb200deg\u00a0\u00bb background_color_gradient_stops=\u00a0\u00bbrgba(0,0,0,0) 62%|rgba(22,29,67,0.3) 100%\u00a0\u00bb background_color_gradient_start=\u00a0\u00bbrgba(0,0,0,0)\u00a0\u00bb background_color_gradient_start_position=\u00a0\u00bb62%\u00a0\u00bb background_color_gradient_end=\u00a0\u00bbrgba(22,29,67,0.3)\u00a0\u00bb background_image=\u00a0\u00bbhttps:\/\/www.voyageur.fr\/page\/wp-content\/uploads\/2022\/09\/Fotolia_15224537_S.jpg\u00a0\u00bb width=\u00a0\u00bb100%\u00a0\u00bb max_width=\u00a0\u00bb100%\u00a0\u00bb min_height=\u00a0\u00bb601px\u00a0\u00bb height=\u00a0\u00bb100px\u00a0\u00bb max_height=\u00a0\u00bb1000px\u00a0\u00bb custom_margin=\u00a0\u00bb||1px||false|false\u00a0\u00bb custom_padding=\u00a0\u00bb0px||0px|0px|false|false\u00a0\u00bb custom_padding_tablet=\u00a0\u00bb\u00a0\u00bb custom_padding_phone=\u00a0\u00bb|10vw||\u00a0\u00bb animation_style=\u00a0\u00bbfade\u00a0\u00bb animation_starting_opacity=\u00a0\u00bb5%\u00a0\u00bb animation_speed_curve=\u00a0\u00bbease-out\u00a0\u00bb border_radii=\u00a0\u00bbon|0vw|0vw|0vw|0vw\u00a0\u00bb global_colors_info=\u00a0\u00bb{}\u00a0\u00bb][et_pb_row _builder_version=\u00a0\u00bb4.17.6&Prime; _module_preset=\u00a0\u00bbdefault\u00a0\u00bb custom_margin=\u00a0\u00bb|auto||25px||\u00a0\u00bb custom_padding=\u00a0\u00bb||43px|||\u00a0\u00bb global_colors_info=\u00a0\u00bb{}\u00a0\u00bb][et_pb_column type=\u00a0\u00bb4_4&Prime; _builder_version=\u00a0\u00bb4.17.6&Prime; _module_preset=\u00a0\u00bbdefault\u00a0\u00bb global_colors_info=\u00a0\u00bb{}\u00a0\u00bb][et_pb_text _builder_version=\u00a0\u00bb4.18.0&Prime; _module_preset=\u00a0\u00bbdefault\u00a0\u00bb text_font=\u00a0\u00bbPrata||||||||\u00a0\u00bb text_text_color=\u00a0\u00bb#FFFFFF\u00a0\u00bb text_font_size=\u00a0\u00bb71px\u00a0\u00bb text_line_height=\u00a0\u00bb1.8em\u00a0\u00bb background_color=\u00a0\u00bbrgba(84,84,84,0.39)\u00a0\u00bb width=\u00a0\u00bb751px\u00a0\u00bb max_width=\u00a0\u00bb100%\u00a0\u00bb custom_margin=\u00a0\u00bb152px||3px||false|false\u00a0\u00bb custom_padding=\u00a0\u00bb25px|0px|16px|25px|false|false\u00a0\u00bb global_colors_info=\u00a0\u00bb{}\u00a0\u00bb]<\/p>\n<h1><span style=\"color: #ffffff;\"><span style=\"font-size: xx-large;\">voyageur.fr<\/span><span style=\"font-size: xx-large;\"><\/span><\/span><\/h1>\n<h1><span style=\"font-size: xx-large; color: #ffffff;\"><\/span><\/h1>\n<h1><span style=\"color: #ffffff;\"><strong><span style=\"font-size: xx-large;\">MENTIONS L\u00c9GALES<\/span><\/strong><\/span><span style=\"font-size: xx-large;\"><\/span><span style=\"font-size: xx-large;\"><\/span><\/h1>\n<p>[\/et_pb_text][et_pb_text _builder_version=\u00a0\u00bb4.18.0&Prime; _module_preset=\u00a0\u00bbdefault\u00a0\u00bb text_text_color=\u00a0\u00bb#000000&Prime; text_font_size=\u00a0\u00bb21px\u00a0\u00bb background_color=\u00a0\u00bb#12876F\u00a0\u00bb width=\u00a0\u00bb751px\u00a0\u00bb max_width=\u00a0\u00bb100%\u00a0\u00bb module_alignment=\u00a0\u00bbleft\u00a0\u00bb custom_margin=\u00a0\u00bb-3px||||false|false\u00a0\u00bb custom_padding=\u00a0\u00bb25px|0px|30px|25px|false|false\u00a0\u00bb inline_fonts=\u00a0\u00bbPrata\u00a0\u00bb global_colors_info=\u00a0\u00bb{}\u00a0\u00bb]<\/p>\n<p style=\"text-align: left;\"><span style=\"font-family: Prata; color: #ffffff;\">\u00ab Le plus grand voyageur est celui qui a su faire une fois le tour <\/span><span style=\"font-family: Prata; color: #ffffff;\">de lui-m\u00eame. \u00bb<\/span><br \/><span style=\"font-family: Prata; color: #ffffff;\">Confucius<\/span><\/p>\n<p>[\/et_pb_text][\/et_pb_column][\/et_pb_row][\/et_pb_section][et_pb_section fb_built=\u00a0\u00bb1&Prime; admin_label=\u00a0\u00bbServices\u00a0\u00bb _builder_version=\u00a0\u00bb4.18.0&Prime; custom_margin=\u00a0\u00bb-63px||-230px||false|false\u00a0\u00bb custom_padding=\u00a0\u00bb0px|0px|218px|0px|false|false\u00a0\u00bb global_colors_info=\u00a0\u00bb{}\u00a0\u00bb][et_pb_row column_structure=\u00a0\u00bb2_3,1_3&Prime; _builder_version=\u00a0\u00bb4.16&Prime; global_colors_info=\u00a0\u00bb{}\u00a0\u00bb][et_pb_column type=\u00a0\u00bb2_3&Prime; _builder_version=\u00a0\u00bb4.16&Prime; custom_padding=\u00a0\u00bb|||\u00a0\u00bb global_colors_info=\u00a0\u00bb{}\u00a0\u00bb custom_padding__hover=\u00a0\u00bb|||\u00a0\u00bb][et_pb_text _builder_version=\u00a0\u00bb4.18.0&Prime; text_font=\u00a0\u00bbOpen Sans||||||||\u00a0\u00bb text_line_height=\u00a0\u00bb2em\u00a0\u00bb header_font=\u00a0\u00bb||||||||\u00a0\u00bb header_2_font=\u00a0\u00bbPrata||||||||\u00a0\u00bb header_2_font_size=\u00a0\u00bb50px\u00a0\u00bb header_2_line_height=\u00a0\u00bb1.4em\u00a0\u00bb header_3_font=\u00a0\u00bbOpen Sans|700||on|||||\u00a0\u00bb header_3_font_size=\u00a0\u00bb14px\u00a0\u00bb header_3_letter_spacing=\u00a0\u00bb5px\u00a0\u00bb header_3_line_height=\u00a0\u00bb1.8em\u00a0\u00bb animation_style=\u00a0\u00bbzoom\u00a0\u00bb animation_intensity_zoom=\u00a0\u00bb5%\u00a0\u00bb header_2_font_size_tablet=\u00a0\u00bb40px\u00a0\u00bb header_2_font_size_phone=\u00a0\u00bb28px\u00a0\u00bb header_2_font_size_last_edited=\u00a0\u00bbon|phone\u00a0\u00bb header_3_font_size_tablet=\u00a0\u00bb\u00a0\u00bb header_3_font_size_phone=\u00a0\u00bb10px\u00a0\u00bb header_3_font_size_last_edited=\u00a0\u00bbon|phone\u00a0\u00bb locked=\u00a0\u00bboff\u00a0\u00bb inline_fonts=\u00a0\u00bbPlayfair Display,Prata\u00a0\u00bb global_colors_info=\u00a0\u00bb{}\u00a0\u00bb header_5_font_size__hover=\u00a0\u00bb16px\u00a0\u00bb header_5_font_size__hover_enabled=\u00a0\u00bb16px\u00a0\u00bb header_5_letter_spacing__hover=\u00a0\u00bb0px\u00a0\u00bb header_5_letter_spacing__hover_enabled=\u00a0\u00bb0px\u00a0\u00bb header_5_line_height__hover=\u00a0\u00bb1em\u00a0\u00bb header_5_line_height__hover_enabled=\u00a0\u00bb1em\u00a0\u00bb header_5_text_shadow_style__hover=\u00a0\u00bbnone\u00a0\u00bb header_5_text_shadow_style__hover_enabled=\u00a0\u00bbnone\u00a0\u00bb header_5_text_shadow_color__hover=\u00a0\u00bbrgba(0,0,0,0.4)\u00a0\u00bb header_5_text_shadow_color__hover_enabled=\u00a0\u00bbrgba(0,0,0,0.4)\u00a0\u00bb header_font_size__hover=\u00a0\u00bb30px\u00a0\u00bb header_font_size__hover_enabled=\u00a0\u00bb30px\u00a0\u00bb header_letter_spacing__hover=\u00a0\u00bb0px\u00a0\u00bb header_letter_spacing__hover_enabled=\u00a0\u00bb0px\u00a0\u00bb header_text_shadow_style__hover=\u00a0\u00bbnone\u00a0\u00bb header_text_shadow_style__hover_enabled=\u00a0\u00bbnone\u00a0\u00bb header_text_shadow_color__hover=\u00a0\u00bbrgba(0,0,0,0.4)\u00a0\u00bb header_text_shadow_color__hover_enabled=\u00a0\u00bbrgba(0,0,0,0.4)\u00a0\u00bb header_6_font_size__hover=\u00a0\u00bb14px\u00a0\u00bb header_6_font_size__hover_enabled=\u00a0\u00bb14px\u00a0\u00bb header_6_letter_spacing__hover=\u00a0\u00bb0px\u00a0\u00bb header_6_letter_spacing__hover_enabled=\u00a0\u00bb0px\u00a0\u00bb header_6_line_height__hover=\u00a0\u00bb1em\u00a0\u00bb header_6_line_height__hover_enabled=\u00a0\u00bb1em\u00a0\u00bb header_6_text_shadow_style__hover=\u00a0\u00bbnone\u00a0\u00bb header_6_text_shadow_style__hover_enabled=\u00a0\u00bbnone\u00a0\u00bb header_6_text_shadow_color__hover=\u00a0\u00bbrgba(0,0,0,0.4)\u00a0\u00bb header_6_text_shadow_color__hover_enabled=\u00a0\u00bbrgba(0,0,0,0.4)\u00a0\u00bb]<\/p>\n<h3><span>L\u2019utilisation du site voyageur.fr implique l\u2019acceptation et le respect des restrictions d\u2019usage pr\u00e9sent\u00e9es dans nos mentions l\u00e9gales.<\/span><\/h3>\n<h2>Mentions l\u00e9gales<\/h2>\n<div class=\"mbr-section-subtitle mbr-fonts-style mb-4 mbr-light display-7\">\n<div class=\"entry-content\">\n<ul>\n<li>\n<p><span style=\"font-family: Prata; font-weight: normal;\">Le site www.voyageur.fr est \u00e9dit\u00e9 par la soci\u00e9t\u00e9 VOYAGEUR Corpration Sarl, au capital de 15.245 \u20ac, dont le si\u00e8ge social est situ\u00e9 : 9, All\u00e9e des Myosotis &#8211;\u00a0 13330 P\u00e9lissanne &#8211; France, immatricul\u00e9e au registre du commerce des soci\u00e9t\u00e9s de Salon-de-Provence sous le num\u00e9ro : 433 074 424.<\/span><\/p>\n<\/li>\n<li>\n<p><span style=\"font-family: Prata; font-weight: normal;\">Directeur de la Publication : Philippe Wolff.<\/span><\/p>\n<p><span style=\"font-family: Prata; font-weight: normal;\">L\u2019h\u00e9bergement est r\u00e9alis\u00e9 sur les serveurs de la soci\u00e9t\u00e9 SIGNO.<\/span><\/p>\n<\/li>\n<li>\n<p><span style=\"font-family: Prata; font-weight: normal;\">Conform\u00e9ment \u00e0 la Loi \u00ab Informatique et Libert\u00e9s \u00bb n\u00b0 78-17 du 6 janvier 1978, les informations vous concernant sont destin\u00e9es \u00e0 la soci\u00e9t\u00e9 VOYAGEUR Corporation Sarl, responsable du traitement. Vous disposez d\u2019un droit d\u2019acc\u00e8s, de rectification et de suppression des donn\u00e9es qui vous concernent. Vous pouvez l\u2019exercer en adressant un e-mail \u00e0 l\u2019adresse \u00e9lectronique suivante : administration [AT] voyageur.fr<\/span><\/p>\n<\/li>\n<li>\n<p><span style=\"font-family: Prata; font-weight: normal;\">En vous connectant \u00e0 ce site \u00e9dit\u00e9 et mis en ligne par VOYAGEUR Corporation Sarl, vous acc\u00e9dez \u00e0 un contenu prot\u00e9g\u00e9 par la loi, notamment par les dispositions du Code de la propri\u00e9t\u00e9 intellectuelle.<\/span><\/p>\n<\/li>\n<li>\n<p><span style=\"font-family: Prata; font-weight: normal;\">L\u2019\u00e9diteur n\u2019autorise qu\u2019un usage strictement personnel des donn\u00e9es, informations ou contenus auxquels vous acc\u00e9dez, limit\u00e9 \u00e0 un enregistrement temporaire sur votre ordinateur aux fins d\u2019affichage sur un seul \u00e9cran ainsi que la reproduction, en un unique exemplaire, pour copie de sauvegarde ou impression sur papier.<\/span><\/p>\n<\/li>\n<li>\n<p><span style=\"font-family: Prata; font-weight: normal;\">Toute autre utilisation est soumise \u00e0 notre autorisation expresse pr\u00e9alable.<\/span><\/p>\n<\/li>\n<li>\n<p><span style=\"font-family: Prata; font-weight: normal;\">En poursuivant votre visite de notre site vous acceptez de respecter les restrictions ci-dessus.<\/span><\/p>\n<\/li>\n<li>\n<p><span style=\"font-family: Prata; font-weight: normal;\">Droits de reproduction et de diffusion r\u00e9serv\u00e9s \u00a9 2000 \u2013 2022 www.voyageur.fr.<\/span><\/p>\n<\/li>\n<\/ul>\n<\/div>\n<p>&nbsp;<\/p>\n<\/div>\n<p><span style=\"font-family: Prata; font-weight: normal;\"><strong>VOYAGEUR Corporation Sarl<\/strong><\/span><br \/><span style=\"font-family: Prata; font-weight: normal;\">9, All\u00e9e des Myosotis &#8211; <\/span><span style=\"font-family: Prata; font-weight: normal;\">13330 P\u00e9lissanne &#8211; <\/span><span style=\"font-family: Prata; font-weight: normal;\">France<\/span><\/p>\n<p><span style=\"font-family: Prata; font-weight: normal;\">T\u00e9l\u00e9phone : 06 21 50 83 94<\/span><br \/><span style=\"font-family: Prata; font-weight: normal;\">E-mail : administration [at] voyageur.fr<\/span><\/p>\n<p>[\/et_pb_text][\/et_pb_column][et_pb_column type=\u00a0\u00bb1_3&Prime; _builder_version=\u00a0\u00bb4.16&Prime; custom_padding=\u00a0\u00bb60px|||\u00a0\u00bb custom_padding_tablet=\u00a0\u00bb0px||\u00a0\u00bb custom_padding_phone=\u00a0\u00bb0px||\u00a0\u00bb custom_padding_last_edited=\u00a0\u00bbon|phone\u00a0\u00bb global_colors_info=\u00a0\u00bb{}\u00a0\u00bb padding_tablet=\u00a0\u00bb0px||\u00a0\u00bb padding_last_edited=\u00a0\u00bbon|phone\u00a0\u00bb custom_padding__hover=\u00a0\u00bb|||\u00a0\u00bb padding_phone=\u00a0\u00bb0px||\u00a0\u00bb][\/et_pb_column][\/et_pb_row][\/et_pb_section][et_pb_section fb_built=\u00a0\u00bb1&Prime; custom_padding_last_edited=\u00a0\u00bbon|desktop\u00a0\u00bb admin_label=\u00a0\u00bbValue Props\u00a0\u00bb _builder_version=\u00a0\u00bb4.16&Prime; custom_padding=\u00a0\u00bb0px|0px|0px|0px|true|false\u00a0\u00bb custom_padding_tablet=\u00a0\u00bb40px|0px|40px|0px|true|false\u00a0\u00bb custom_padding_phone=\u00a0\u00bb\u00a0\u00bb locked=\u00a0\u00bboff\u00a0\u00bb global_colors_info=\u00a0\u00bb{}\u00a0\u00bb][\/et_pb_section]<\/p>\n","protected":false},"excerpt":{"rendered":"<p>voyageur.fr MENTIONS L\u00c9GALES\u00ab Le plus grand voyageur est celui qui a su faire une fois le tour de lui-m\u00eame. \u00bbConfuciusL\u2019utilisation du site voyageur.fr implique l\u2019acceptation et le respect des restrictions d\u2019usage pr\u00e9sent\u00e9es dans nos mentions l\u00e9gales. Mentions l\u00e9gales Le site www.voyageur.fr est \u00e9dit\u00e9 par la soci\u00e9t\u00e9 VOYAGEUR Corpration Sarl, au capital de 15.245 \u20ac, dont [&hellip;]<\/p>\n","protected":false},"author":1,"featured_media":0,"parent":0,"menu_order":0,"comment_status":"closed","ping_status":"closed","template":"","meta":{"_et_pb_use_builder":"on","_et_pb_old_content":"","_et_gb_content_width":"","footnotes":""},"class_list":["post-720","page","type-page","status-publish","hentry"],"yoast_head":"<!-- This site is optimized with the Yoast SEO plugin v27.1.1 - https:\/\/yoast.com\/product\/yoast-seo-wordpress\/ -->\n<title>Mentions l\u00e9gales - Voyageur<\/title>\n<meta name=\"robots\" content=\"index, follow, max-snippet:-1, max-image-preview:large, max-video-preview:-1\" \/>\n<link rel=\"canonical\" href=\"https:\/\/www.voyageur.fr\/page\/mentions-legales\/\" \/>\n<meta property=\"og:locale\" content=\"fr_FR\" \/>\n<meta property=\"og:type\" content=\"article\" \/>\n<meta property=\"og:title\" content=\"Mentions l\u00e9gales - Voyageur\" \/>\n<meta property=\"og:description\" content=\"voyageur.fr MENTIONS L\u00c9GALES\u00ab Le plus grand voyageur est celui qui a su faire une fois le tour de lui-m\u00eame. \u00bbConfuciusL\u2019utilisation du site voyageur.fr implique l\u2019acceptation et le respect des restrictions d\u2019usage pr\u00e9sent\u00e9es dans nos mentions l\u00e9gales. Mentions l\u00e9gales Le site www.voyageur.fr est \u00e9dit\u00e9 par la soci\u00e9t\u00e9 VOYAGEUR Corpration Sarl, au capital de 15.245 \u20ac, dont [&hellip;]\" \/>\n<meta property=\"og:url\" content=\"https:\/\/www.voyageur.fr\/page\/mentions-legales\/\" \/>\n<meta property=\"og:site_name\" content=\"Voyageur\" \/>\n<meta property=\"article:modified_time\" content=\"2025-01-14T15:01:20+00:00\" \/>\n<meta name=\"twitter:card\" content=\"summary_large_image\" \/>\n<script type=\"application\/ld+json\" class=\"yoast-schema-graph\">{\"@context\":\"https:\/\/schema.org\",\"@graph\":[{\"@type\":\"WebPage\",\"@id\":\"https:\/\/www.voyageur.fr\/page\/mentions-legales\/\",\"url\":\"https:\/\/www.voyageur.fr\/page\/mentions-legales\/\",\"name\":\"Mentions l\u00e9gales - Voyageur\",\"isPartOf\":{\"@id\":\"https:\/\/www.voyageur.fr\/page\/#website\"},\"datePublished\":\"2022-09-12T18:17:03+00:00\",\"dateModified\":\"2025-01-14T15:01:20+00:00\",\"breadcrumb\":{\"@id\":\"https:\/\/www.voyageur.fr\/page\/mentions-legales\/#breadcrumb\"},\"inLanguage\":\"fr-FR\",\"potentialAction\":[{\"@type\":\"ReadAction\",\"target\":[\"https:\/\/www.voyageur.fr\/page\/mentions-legales\/\"]}]},{\"@type\":\"BreadcrumbList\",\"@id\":\"https:\/\/www.voyageur.fr\/page\/mentions-legales\/#breadcrumb\",\"itemListElement\":[{\"@type\":\"ListItem\",\"position\":1,\"name\":\"Accueil\",\"item\":\"https:\/\/www.voyageur.fr\/page\/\"},{\"@type\":\"ListItem\",\"position\":2,\"name\":\"Mentions l\u00e9gales\"}]},{\"@type\":\"WebSite\",\"@id\":\"https:\/\/www.voyageur.fr\/page\/#website\",\"url\":\"https:\/\/www.voyageur.fr\/page\/\",\"name\":\"Voyageur\",\"description\":\"Consultation - Communication - \u00c9dition - Formation\",\"publisher\":{\"@id\":\"https:\/\/www.voyageur.fr\/page\/#organization\"},\"potentialAction\":[{\"@type\":\"SearchAction\",\"target\":{\"@type\":\"EntryPoint\",\"urlTemplate\":\"https:\/\/www.voyageur.fr\/page\/?s={search_term_string}\"},\"query-input\":{\"@type\":\"PropertyValueSpecification\",\"valueRequired\":true,\"valueName\":\"search_term_string\"}}],\"inLanguage\":\"fr-FR\"},{\"@type\":\"Organization\",\"@id\":\"https:\/\/www.voyageur.fr\/page\/#organization\",\"name\":\"Voyageur\",\"url\":\"https:\/\/www.voyageur.fr\/page\/\",\"logo\":{\"@type\":\"ImageObject\",\"inLanguage\":\"fr-FR\",\"@id\":\"https:\/\/www.voyageur.fr\/page\/#\/schema\/logo\/image\/\",\"url\":\"https:\/\/www.voyageur.fr\/page\/wp-content\/uploads\/2022\/08\/Image_PhilosElementa-1.jpg\",\"contentUrl\":\"https:\/\/www.voyageur.fr\/page\/wp-content\/uploads\/2022\/08\/Image_PhilosElementa-1.jpg\",\"width\":510,\"height\":510,\"caption\":\"Voyageur\"},\"image\":{\"@id\":\"https:\/\/www.voyageur.fr\/page\/#\/schema\/logo\/image\/\"}}]}<\/script>\n<!-- \/ Yoast SEO plugin. -->","yoast_head_json":{"title":"Mentions l\u00e9gales - Voyageur","robots":{"index":"index","follow":"follow","max-snippet":"max-snippet:-1","max-image-preview":"max-image-preview:large","max-video-preview":"max-video-preview:-1"},"canonical":"https:\/\/www.voyageur.fr\/page\/mentions-legales\/","og_locale":"fr_FR","og_type":"article","og_title":"Mentions l\u00e9gales - Voyageur","og_description":"voyageur.fr MENTIONS L\u00c9GALES\u00ab Le plus grand voyageur est celui qui a su faire une fois le tour de lui-m\u00eame. \u00bbConfuciusL\u2019utilisation du site voyageur.fr implique l\u2019acceptation et le respect des restrictions d\u2019usage pr\u00e9sent\u00e9es dans nos mentions l\u00e9gales. Mentions l\u00e9gales Le site www.voyageur.fr est \u00e9dit\u00e9 par la soci\u00e9t\u00e9 VOYAGEUR Corpration Sarl, au capital de 15.245 \u20ac, dont [&hellip;]","og_url":"https:\/\/www.voyageur.fr\/page\/mentions-legales\/","og_site_name":"Voyageur","article_modified_time":"2025-01-14T15:01:20+00:00","twitter_card":"summary_large_image","schema":{"@context":"https:\/\/schema.org","@graph":[{"@type":"WebPage","@id":"https:\/\/www.voyageur.fr\/page\/mentions-legales\/","url":"https:\/\/www.voyageur.fr\/page\/mentions-legales\/","name":"Mentions l\u00e9gales - Voyageur","isPartOf":{"@id":"https:\/\/www.voyageur.fr\/page\/#website"},"datePublished":"2022-09-12T18:17:03+00:00","dateModified":"2025-01-14T15:01:20+00:00","breadcrumb":{"@id":"https:\/\/www.voyageur.fr\/page\/mentions-legales\/#breadcrumb"},"inLanguage":"fr-FR","potentialAction":[{"@type":"ReadAction","target":["https:\/\/www.voyageur.fr\/page\/mentions-legales\/"]}]},{"@type":"BreadcrumbList","@id":"https:\/\/www.voyageur.fr\/page\/mentions-legales\/#breadcrumb","itemListElement":[{"@type":"ListItem","position":1,"name":"Accueil","item":"https:\/\/www.voyageur.fr\/page\/"},{"@type":"ListItem","position":2,"name":"Mentions l\u00e9gales"}]},{"@type":"WebSite","@id":"https:\/\/www.voyageur.fr\/page\/#website","url":"https:\/\/www.voyageur.fr\/page\/","name":"Voyageur","description":"Consultation - Communication - \u00c9dition - Formation","publisher":{"@id":"https:\/\/www.voyageur.fr\/page\/#organization"},"potentialAction":[{"@type":"SearchAction","target":{"@type":"EntryPoint","urlTemplate":"https:\/\/www.voyageur.fr\/page\/?s={search_term_string}"},"query-input":{"@type":"PropertyValueSpecification","valueRequired":true,"valueName":"search_term_string"}}],"inLanguage":"fr-FR"},{"@type":"Organization","@id":"https:\/\/www.voyageur.fr\/page\/#organization","name":"Voyageur","url":"https:\/\/www.voyageur.fr\/page\/","logo":{"@type":"ImageObject","inLanguage":"fr-FR","@id":"https:\/\/www.voyageur.fr\/page\/#\/schema\/logo\/image\/","url":"https:\/\/www.voyageur.fr\/page\/wp-content\/uploads\/2022\/08\/Image_PhilosElementa-1.jpg","contentUrl":"https:\/\/www.voyageur.fr\/page\/wp-content\/uploads\/2022\/08\/Image_PhilosElementa-1.jpg","width":510,"height":510,"caption":"Voyageur"},"image":{"@id":"https:\/\/www.voyageur.fr\/page\/#\/schema\/logo\/image\/"}}]}},"_links":{"self":[{"href":"https:\/\/www.voyageur.fr\/page\/wp-json\/wp\/v2\/pages\/720","targetHints":{"allow":["GET"]}}],"collection":[{"href":"https:\/\/www.voyageur.fr\/page\/wp-json\/wp\/v2\/pages"}],"about":[{"href":"https:\/\/www.voyageur.fr\/page\/wp-json\/wp\/v2\/types\/page"}],"author":[{"embeddable":true,"href":"https:\/\/www.voyageur.fr\/page\/wp-json\/wp\/v2\/users\/1"}],"replies":[{"embeddable":true,"href":"https:\/\/www.voyageur.fr\/page\/wp-json\/wp\/v2\/comments?post=720"}],"version-history":[{"count":6,"href":"https:\/\/www.voyageur.fr\/page\/wp-json\/wp\/v2\/pages\/720\/revisions"}],"predecessor-version":[{"id":941,"href":"https:\/\/www.voyageur.fr\/page\/wp-json\/wp\/v2\/pages\/720\/revisions\/941"}],"wp:attachment":[{"href":"https:\/\/www.voyageur.fr\/page\/wp-json\/wp\/v2\/media?parent=720"}],"curies":[{"name":"wp","href":"https:\/\/api.w.org\/{rel}","templated":true}]}}